- 3*z(l). Give o(1).
-6
Let k be -1 + -2 + (-15)/(-3). Suppose 0 = -k*z + z. Let h(b) = b**2 + b - 2. What is h(z)?
-2
Let v(a) = -a**2 - 5*a - 2. Let d(i) = -3*i + 3. Let y be d(4). Let k be ((-6)/y*9)/(-1). Give v(k).
-8
Let x(z) = 5*z**2 + 5*z + 3. Let q(g) = -11*g**2 - 11*g - 7. Let d(r) = -6*q(r) - 13*x(r). Determine d(-3).
9
Let j(i) = 13*i**2 + 4*i**2 + 2*i**3 - 3*i + 15 + 5*i. Let d(w) = w**3 + 9*w**2 + w + 8. Let x(b) = 11*d(b) - 6*j(b). What is x(-3)?
1
Let b = -4 - -6. Let n(l) = -l**2 - l. Let k(u) = 2*u**3 + u**2 + 6*u + 2. Let s(h) = k(h) + 4*n(h). Determine s(b).
10
Let z(f) = -4*f + 34. Let h be z(8). Let o(r) = -2*r**2 + 2*r - 1. Determine o(h).
-5
Let u(g) = g - 5. Suppose 4*b - 4 = 28. Give u(b).
3
Suppose 0 = 4*g - 5 + 13. Let x be ((-3)/2*-4)/2. Let c(v) = -v + v**3 + 4*v + 4*v**2 - 2 - x*v. Calculate c(g).
6
Let k = 10 + -8. Suppose 0 = -0*q - k*q - 4. Let u(b) = -9*b**2 + 3*b + 9. Let n(t) = 14*t**2 - 5*t - 14. Let g(p) = 5*n(p) + 8*u(p). Determine g(q).
-4
Let q be (-13 + 5)*(-2)/4. Let h(b) = b**3 - 5*b**2 + b - 4. What is h(q)?
-16
Suppose -5*t + 15 = 0, 2*t + 2 = -0*m + 4*m. Let f(q) = q**m + 0*q + 3 + 2*q + 0*q**2. Let s(p) = p**3 - p + 3. Let h be s(-2). Give f(h).
6
Let b be -10*((-8)/(-10) - 0). Let m(c) = c**2 + 5*c - 9. Let i be m(b). Suppose -6 = 3*j + z - 4, 0 = 3*z + i. Let r(x) = 2*x + 1. Give r(j).
3
Let t(x) = -x**2 - 15*x + 4. Let o be t(-15). Let g(l) be the first derivative of -l**2 + 1. Calculate g(o).
-8
Let b(g) = 5*g + 3*g + 6 + 20. Let w(z) = z + 1. Let x(n) = 3*n + 2. Let u(o) = 21*w(o) - 6*x(o). Let y(m) = -4*b(m) + 11*u(m). Determine y(-4).
-9
Let x(s) = 4*s + 1 + 2 - 4 - 5*s. What is x(0)?
-1
Let y(z) be the second derivative of z**7/60 + z**6/360 - z**5/60 + z**4/24 - 5*z**3/6 - 5*z. Let h(r) be the second derivative of y(r). What is h(1)?
14
Let w(k) = 4*k**2 + k + 3. Let z(s) = -3*s**2 - s - 3. Let h(y) = -6*w(y) - 7*z(y). Let d(a) be the first derivative of h(a). Give d(-1).
7
Let k(g) = 10*g**2 + 2*g + 1. Suppose -m + 5 = -0. Suppose -10 - 5 = m*y. Let u = -4 - y. Calculate k(u).
9
Let a(y) be the third derivative of -y**6/120 - y**5/60 + 5*y**4/24 + 2*y**3/3 + 17*y**2. What is a(-3)?
7
Let r(k) = -k**2 - 4*k - 2. Let j(o) be the first derivative of -o**3/3 - 4*o**2 - 8*o + 2. Let a be j(-6). Let l be (6/a)/((-1)/2). What is r(l)?
1
Let m(p) = -p**2 + 5*p + 2. Let b(n) be the second derivative of -n**4/12 + 5*n**3/3 + 5*n**2/2 + 5*n. Let d be b(10). Calculate m(d).
2
Let q(v) = v**3 - 7*v**2 + 6*v - 5. Let y be 0*3/6 + 6. Determine q(y).
-5
Let r be (1 + -1)/(-1 + 0). Let c(g) be the second derivative of -3/2*g**2 - 1/12*g**4 - 3*g + 0 + 1/6*g**3. Calculate c(r).
-3
Let n(p) = 0*p**3 - 3*p**3 + 8*p**2 + p + 2*p**3 - 2*p**2 - 2. Let h = 6 - 0. Give n(h).
4
Let z(w) = w - 2. Let m be z(4). Let k(c) = -5 - 2*c - 2*c**2 + c**2 + c. Let i(b) = 2*b**2 + b + 9. Let f(d) = 3*i(d) + 5*k(d). What is f(m)?
2
Let n(d) be the first derivative of -d**6/120 - 4*d**3/3 - 3*d**2/2 + 6. Let m(r) be the second derivative of n(r). Give m(0).
-8
Let c(u) = -u**2 - 2*u - 2. Let g(o) = o**2 + 2*o + 1. Let i(d) = 4*c(d) + 5*g(d). Calculate i(2).
5
Let d(s) = -s**3 + 24*s**2 - 23*s + 6. Let j be d(23). Let c(x) = -2*x + 3. Give c(j).
-9
Suppose 2*v - 7 = 5. Let b(u) = -2*u**3 - 2*u**2 - 2*u - 2. Let g(f) = f**3 - f**2 - f. Let m(n) = b(n) + 3*g(n). Give m(v).
4
Let i(w) be the third derivative of w**5/120 + w**4/24 - w**3/6 + w**2. Let a(g) be the first derivative of i(g). Calculate a(0).
1
Let v(w) be the third derivative of w**6/120 - 7*w**5/60 - w**4/24 - 4*w**3/3 + 18*w**2. Give v(7).
-15
Let c(n) = n + 6 - 9 + 4 + 0*n. Let m(i) = 1. Let s(d) = c(d) - 3*m(d). Give s(3).
1
Let p(s) be the second derivative of s**4/12 + 2*s**3/3 + s**2 + 14*s. Give p(-4).
2
Let t(i) = -6*i - 1. Let v(w) = w. Let j(a) = t(a) + 4*v(a). Let q = -7 + 5. Determine j(q).
3
Let p = 11 + -9. Let n be 0 + 7 + (-4)/p. Let w(j) = 3 + 4*j + 8*j**2 - 14*j**2 + j**3 - 2. What is w(n)?
-4
Let z(t) = t**2 - t - 1. Let i = -5 + 7. Suppose -5*y = l - 10, -2*l + 7*y - i*y - 10 = 0. What is z(l)?
-1
Let j(h) = -3*h - 5. Let l = -2 - -4. Suppose -l*y = -15 + 1. Let u(r) = -r + 3. Let a be u(y). Calculate j(a).
7
Suppose -4*m + 3*i + 3 = 4, -m - 7 = -3*i. Let p(l) = 8*l + 0*l**m + l**2 + 3 + 2. Give p(-6).
-7
Let j(o) be the first derivative of -o**3/3 + 9*o**2/2 + 2*o + 9. Determine j(9).
2
Let h(m) be the third derivative of -m**4/24 - m**3/6 + 4*m**2. Calculate h(10).
-11
Let f(g) = 4*g**3 - 19*g**2 + 18*g - 10. Let u(a) = -3*a**3 + 13*a**2 - 12*a + 7. Let j(w) = 5*f(w) + 7*u(w). Suppose -29*r + 25 = -34*r. Give j(r).
-6
Let h(y) = -y**2 + 2*y. Let j(d) = -2*d + 11. Let q be j(4). What is h(q)?
-3
Suppose 2*q - 8 = q. Let x(m) = -m + 6. Calculate x(q).
-2
Let p = 5 + -11. Let b(l) = l**2 + 4*l - 3. What is b(p)?
9
Let z(q) be the first derivative of 1/120*q**6 + 0*q + q**2 - 1/2*q**3 + 1/30*q**5 - 1 - 5/24*q**4. Let m(v) be the second derivative of z(v). Give m(-3).
3
Let i = 3 - 0. Let c(l) = 4 + 4*l**3 - 2*l**3 + 2*l**2 + 2*l - 3*l**i. What is c(3)?
1
Let k(q) be the second derivative of -1/6*q**3 + 1/2*q**2 + 0 + 6*q. Determine k(4).
-3
Let g(f) = -f**2 + f**2 - 2*f - 1 - 2*f**2. Let i = -8 - -6. Calculate g(i).
-5
Suppose i = t + 4*t - 3, 11 = t + 5*i. Let y(v) = -1 - 2 - v + t. What is y(-3)?
1
Let z(s) be the first derivative of -s**3/3 + 7*s**2/2 + 3*s - 1. What is z(6)?
9
Let n(m) = -m**3 - 24*m + 23*m - m**2 + 0*m**3. Let b(l) = -3*l**3 - 3*l**2 + l - 1. Let h(f) = b(f) - 2*n(f). What is h(-3)?
8
Let a(f) = -6*f + 1. Suppose 0*s + 2*s = 3*i + 11, 2*s - 4 = -4*i. Determine a(i).
7
Suppose 3*m - 10 = -2*m. Let o(w) = 0*w**2 + 0*w**2 - w - m*w**2 + 3*w**2. Let t be (-4)/10 + (-24)/15. Determine o(t).
6
Let n(m) = 4*m - 1. Let p(c) = -c + 11. Let l be p(8). Suppose -l*g - 2 = -8. What is n(g)?
7
Suppose 4*a - 10 = 2*a. Let v(r) = -5*r - r**3 + 6*r**2 + 0*r**3 - 157 + 161. Determine v(a).
4
Let w(y) = y - 2. Suppose -4*a = -22 - 2. Let m be (-2)/(0 - a/9). Suppose i + 5*g - 8 = 0, -5*i - 16 = -0*i - m*g. What is w(i)?
-4
Let m be (-34)/(-4) + 2/4. Let h be -1 - (-3)/(m/(-6)). Let y(x) = 2*x - 4. Give y(h).
-10
Suppose 2*h + 0*h = 10. Suppose h*m + 13 = 3*c, -4*m + 2*c = m + 17. Let i(j) = -j - 4. Calculate i(m).
1
Let k = -7 + 10. Suppose 3*n = -4*m - 15, -k*m - n = 3*n + 13. Let x(o) = o**2 + 2*o + 4. What is x(m)?
7
Suppose 5*l - 1 - 29 = 0. Let t(a) = 2*a**3 + 3 - 2*a - 11*a**3 + 6*a**3 + 2*a**3 + 6*a**2. Determine t(l).
-9
Let t(z) = -3*z - 3. Let g(q) = 9*q + 10. Let h(b) = 4*g(b) + 11*t(b). Determine h(-7).
-14
Let o(s) = 0 + s + 1 + 1. Suppose 3*t = -8 - 1. Give o(t).
-1
Let i(c) = c**2. Let p be ((-4)/12)/(1/(-15)). Let g(v) = -v**2 + 6*v - 6. Let q be g(p). Give i(q).
1
Suppose -y + 5*y - 8 = 0. Let v(o) = -5*o - 2*o**2 + 4 + o**3 + 2*o + 6*o**y. Determine v(-5).
-6
Let f(g) = -g + 1. Let q(d) = d**2 - 4*d - 5. Let v(j) = -2*f(j) - q(j). What is v(6)?
3
Suppose -2 = l - 7. Let k(c) = c**2 - 7*c - 1. Give k(l).
-11
Let p(o) = -o**3 - 5*o**2 - 5*o + 4. Let d = 7 + -11. Let c(r) = r**3 + 3*r**2 - 3*r. Let w be c(d). What is p(w)?
8
Suppose -3*u + 45 = -0*u. Suppose -3*i - u = s + 3*s, -4*s = 0. Let y = 3 + i. Let m(z) = -3*z. Give m(y).
6
Let m(b) = b**3 - 1. Let y = -3 - -4. Let p = y + 1. What is m(p)?
7
Let i(t) = 22*t**2 - 3*t - 5. Let z(r) = -15*r**2 + 2*r + 3. Let x(n) = 5*i(n) + 8*z(n). Give x(1).
-10
Suppose 3*p + 6 = -3*t, -5*p + 2*t = 3*t + 2. Let b(g) = g**3 - g**2 - 4. Determine b(p).
-4
Suppose l = -l + 4. Let v(y) = -l*y**2 - y**2 + y + 1 + y**2. Calculate v(2).
-5
Let k(x) = x + 7*x - 4*x - 3. Let b be 66/15 - (-3)/5. Suppose 5*l = -5*g + b, l - 4*g - 11 + 5 = 0. Calculate k(l).
5
Let d(b) be the third derivative of -b**5/60 - b**4/4 - 2*b**3/3 - 42*b**2. Let u(k) = k**2 + k - 6. Let g be u(0). Determine d(g).
-4
Let a be (12/7)/((-2)/(-14)). Let p = a + -9. Let v(g) = -g**3 + 4*g**2 - 2*g + 4. Determine v(p).
7
Let s be 638/132 - 1/(-6). Let a(n) = 6*n**3 - 7*n + 4. Let l(o) = o**3 + o**2 - o. Let c(t) = a(t) - 5*l(t). Determine c(s).
-6
Let l(b) = 6*b - 1 - 7*b + 4*b - 2*b**2. Give l(2).
-3
Let w(u) = 4*u - 4. Let d(o) = 3*o - 3. Let t(r) = 3*d(r) - 2*w(r). Calculate t(7).
6
Let h(u) = 7*u - 15. Let k(x) be the sec